s of u(5).
2, 11, 83
Let c(m) = m**2 + 6*m + 1893. What are the prime factors of c(0)?
3, 631
Let m be (3 - -2)/1 + -1. Let d be 670/m*(-120)/(-75). Suppose -4*b + 12 = -4, 5*r - 3*b = d. List the prime factors of r.
2, 7
Let g = 19 + -17. Suppose -40 = -g*x + 5*j, -2*x = -4*x - 4*j + 22. What are the prime factors of x?
3, 5
Let u(f) = -8*f + 1 + f + 5. Let i be (-6 + 3)*(-25)/(-15). What are the prime factors of u(i)?
41
Let f = -1346 + 1920. What are the prime factors of f?
2, 7, 41
Suppose -4*p + 28*p - 11568 = 0. What are the prime factors of p?
2, 241
Let m(t) = 2*t**2 + 91*t + 232. What are the prime factors of m(-54)?
2, 5, 23
What are the prime factors of 360336/252 + -1 + 92/84?
2, 5, 11, 13
Suppose 0 = 5*s - 4*p - 25, 0 = 3*s + p - 6 - 9. Suppose 0 = 2*f - 0*f - 4*k - 184, 20 = s*k. List the prime factors of f.
2, 5
Let d(i) be the second derivative of i**4/6 - 2*i**3/3 + i**2 + 2*i. Let a be d(2). List the prime factors of (-16)/(-3) - a/(-3).
2, 3
Let r = 9 - 8. Let g be (-1 - -2)/(r/9). Suppose -g*p + p = -40. List the prime factors of p.
5
What are the prime factors of (-84)/18 + (-2)/(-3) - -1848?
2, 461
Let p = 47 + -39. Let l(b) = b**3 - 7*b**2 - b + 4. What are the prime factors of l(p)?
2, 3, 5
Let h be (-560)/55 + 4/22. Let v be (6/h)/((-3)/(-15)). Let b(y) = 2*y**2 + 3*y - 2. What are the prime factors of b(v)?
7
Suppose 2*w + 25 = -3*w, 2*w = 3*q - 34. Suppose q*t - 2212 = -580. List the prime factors of t.
2, 3, 17
Suppose -4*c + 1 + 2 = a, 2*a + 18 = 4*c. Suppose 0 = 4*j - c*j. Suppose 5*g - 55 = -j. List the prime factors of g.
11
Suppose -55 = 3*q - 2*v - 6, 5*v - 25 = 0. Let r(s) = 2*s - 8. Let o be r(q). Let i = 77 + o. List the prime factors of i.
43
Suppose -211 = -3*l - 2*q - 26, 4*l - q = 265. Let w = -1 + l. What are the prime factors of w?
2
List the prime factors of 716/3*(-21)/(-14).
2, 179
Let i = 2735 + -1930. What are the prime factors of i?
5, 7, 23
Suppose 2*u + 5*p = -2*u + 5025, -5*u + 6279 = 4*p. What are the prime factors of u?
5, 251
Suppose 2*o - z = 2485, -14*o + 3*z + 4969 = -10*o. List the prime factors of o.
11, 113
Let g = 2450 - 1548. What are the prime factors of g?
2, 11, 41
Let r(n) = 3*n - 10*n - 26 + 23. What are the prime factors of r(-4)?
5
Suppose 8*i - 5600 = 5016. What are the prime factors of i?
1327
Suppose -t - 24 - 21 = 0. What are the prime factors of 2/((-2)/t) + 0?
3, 5
Let l be -1*-1*(-6)/(-3). Let p = 17 - -93. Suppose 0*m + l*m - p = 0. What are the prime factors of m?
5, 11
Let c = -84 + 130. Suppose -5*z = -2*g - c - 71, -116 = -4*z - 4*g. What are the prime factors of z?
5
List the prime factors of (537/12)/((-44)/(-1056)).
2, 3, 179
Suppose -4*d + 47 = 3*n, d - 6*d = 5*n - 60. Suppose 8*t + 48 = d*t. What are the prime factors of t?
2
Let q = -50 + 54. Suppose 15*x = q*x + 242. What are the prime factors of x?
2, 11
Let w(n) = n**2 - 24*n + 75. List the prime factors of w(37).
2, 139
Let b = -14 - -40. Let v = 82 - b. What are the prime factors of v?
2, 7
Let w(l) = -557*l - 304. What are the prime factors of w(-5)?
3, 827
Let w be (2 + -2)*1 - -6. Let t(g) = g**2 + 2*g - 2. What are the prime factors of t(w)?
2, 23
What are the prime factors of 2/11 - 31012/(-44)?
3, 5, 47
Suppose 14*c = 26 + 44. Suppose 2*j = -5*d + 9*d + 520, -10 = c*d. What are the prime factors of j?
2
Suppose 0 = -132*m + 136*m - 968. List the prime factors of m.
2, 11
Let f = 427 - 856. Let t = -253 - f. What are the prime factors of t?
2, 11
Let z = 5 - -1. Let n(k) = -2*k + z*k - 4 + 0*k + 3*k**3 + 1. List the prime factors of n(2).
29
Let f(n) = -1303*n + 261. List the prime factors of f(-2).
47, 61
Suppose f - 4 - 19 = 0. Suppose -3*v + 28 = v. Let t = f - v. What are the prime factors of t?
2
Let r = -5635 + 8141. What are the prime factors of r?
2, 7, 179
Suppose -175*c = -182*c + 8792. List the prime factors of c.
2, 157
Suppose 5*w - 550 = -5*d - 0*w, 4*w + 8 = 0. Suppose -5*f + f = -4*p + 388, -p + d = -4*f. What are the prime factors of p?
2, 23
Let m = -32 - -29. List the prime factors of ((-189)/(-3) - m) + -4.
2, 31
Suppose -4*o - 40 = 3*h, h - 16 = -3*o - 26. Let v(m) = m**3 - m**2 + m + 76. Let d be v(0). Let i = d + h. List the prime factors of i.
2, 3, 5
Suppose 2*u = -5*o + 449, 0 = -5*u - 0*u + 4*o + 1106. What are the prime factors of u?
2, 3, 37
Let p = 8485 - 3029. What are the prime factors of 10/(-7) + 2 + p/56?
2, 7
Suppose 58*d - 46*d = 696. What are the prime factors of d?
2, 29
Let f(l) = -l**2 - 12*l + 6. Let c be f(-13). Let z = c - -12. Suppose 0*j - 2*k = -z*j + 104, 5*j - 3*k = 106. List the prime factors of j.
2, 5
Let f be -2 - (2 + -4 - 2790/9). Let q = f + -212. List the prime factors of q.
2, 7
Let x(d) = 13*d + 5. Let c(a) = 6*a + 2. Let w(i) = 7*c(i) - 3*x(i). Let l(b) = 2*b**2 - 8*b - 4. Let q be l(5). What are the prime factors of w(q)?
17
Let u(x) = 0 + 1 + x**2 - 2*x + 1 + 10*x. Suppose -10 = 3*s + 17. List the prime factors of u(s).
11
Let f = -16 + 19. Suppose -1 = 5*m - 11. Suppose 0 = -3*s + m*y + 33, 5*y = -f*s + 44 + 10. List the prime factors of s.
13
Let w(q) = 12*q**2 + 4*q - 3. Let h be w(2). Let u = h - 34. What are the prime factors of u?
19
Let b = 74 + -78. What are the prime factors of (-10)/b*(-168)/(-36)*12?
2, 5, 7
Let f(k) = k**3 + 7*k**2 - 3*k + 1. Suppose -2*n + 14 = -4*n. What are the prime factors of f(n)?
2, 11
Suppose 2*w = 5*w + 123. Let y = 56 - w. List the prime factors of y.
97
Let t = -8 + 5. Suppose l - 5*r = -13, 4*r - 3*r - 2 = 0. What are the prime factors of (t/l - 4) + 10?
7
Let b(n) = -2*n**2 + 8 + 8*n - 3*n**2 + 7*n**2 - 3*n**2. Let r = 10 - 3. List the prime factors of b(r).
3, 5
Suppose -2*j + 2 = -0. Suppose -5 - j = -3*c. Suppose -4 = c*x, 0 = -2*d - 0*x + x + 38. List the prime factors of d.
2, 3
Suppose -2*v - 4 = -8. Suppose 0 = -3*u, 2*y + u - 62 = -u. Let a = y + v. What are the prime factors of a?
3, 11
Suppose -3*n + 5507 = -2*x, -7*x - 2600 = -5*n + 6560. List the prime factors of n.
3, 613
Let a(g) = -g**2 + 4*g + 24 - g + g - 3*g. Let n be a(0). What are the prime factors of (63/(-6))/((-9)/n)?
2, 7
What are the prime factors of (72 - (-4 + 2))/((-28)/(-266))?
19, 37
What are the prime factors of 439 - ((-3 - 1) + -1)?
2, 3, 37
Let l(p) = -p**3 - 10*p**2 + 10*p - 11. Let q be l(-11). Suppose -3*i + 38 - 5 = q. Suppose c + 1 - i = 0. What are the prime factors of c?
2, 5
Suppose -2*t + 1837 = 5*g, -6*g - 4609 = -5*t - 2*g. List the prime factors of t.
3, 307
Let s(d) = 6*d**2 - d + 18. Suppose 2*o - 16 = -3*u, o = 2*u - 6 + 7. What are the prime factors of s(o)?
163
Suppose 2*f - 1096 = 4*w, 5*w = 6*f - 4*f - 1097. List the prime factors of f.
2, 3, 7, 13
Let q(k) = k**3 - 6*k**2 - 5*k - 6. Let h be q(7). Suppose 0 = 11*j - h*j - 6. Suppose 4*m - 90 = -5*a, -72 = -a - 3*a - j*m. What are the prime factors of a?
2, 3
Suppose 3*k = 4*g + 24, -4*k = -2*k. Let u(i) = i**2 - 3*i - 3. Let t(o) = o**2 - 2*o - 2. Let p(v) = 4*t(v) - 3*u(v). What are the prime factors of p(g)?
31
Let k(r) = -r**3 - 4*r**2 + 5. Let h be k(-4). Suppose -28 = h*t - 12*t. List the prime factors of 18/t*(-100)/(-15).
2, 3, 5
Suppose -482 = -t + 5*a, 1985 = 4*t + 5*a - 6*a. Let v = -350 + t. List the prime factors of v.
3, 7
Let c(m) = 4*m + 31. Let x be c(-7). Let y(q) = 3*q**2 - 6*q + 5. List the prime factors of y(x).
2, 7
Let g(f) = -12*f**2 + 7*f - 14. Let a(b) = 4*b**2 - 2*b + 5. Let r(k) = -11*a(k) - 4*g(k). List the prime factors of r(-6).
181
Suppose 0*p - c = p - 399, -4*p + 1597 = 5*c. List the prime factors of p.
2, 199
Let p be (-9510)/(-24) + 3/4. Suppose 5*l - g = p, 3*l + 415 = 8*l + 5*g. What are the prime factors of l?
2, 5
Let i = -14 + 19. Suppose 0 = 4*r + i - 17. Suppose 5*l - 3*q = -2*q + 65, -r*q + 26 = 2*l. List the prime factors of l.
13
Suppose 0 = 7*v - 34 - 1. Suppose 0 = -v*t + 101 + 114. List the prime factors of t.
43
Suppose 0 = 2*v + u - 1505, 5*v + 2*u = -0*v + 3762. What are the prime factors of v?
2, 47
Suppose 16 = 4*p, -3*p + 1833 - 354 = 3*z. List the prime factors of z.
3, 163
Let o(s) = 5*s**2 - 12. Let w be o(8). Suppose -3*m + w = 50. What are the prime factors of m?
2, 43
Let j(m) = -m**3 - m - 1. Let y be j(-1). Let v(o) = 127*o**2 + 3*o - 3. What are the prime factors of v(y)?
127